260). Let p be (0 - 8/5)*(-65)/x. What is the highest common factor of j and p?
4
Let z = 5572 + -5551. Calculate the highest common factor of 3521 and z.
7
Suppose 5*o + 175 = -0*j + 5*j, 3*j = o + 97. Suppose 5*g = 50, 0 = 12*z + 2*g - 507 - 4349. Calculate the greatest common factor of j and z.
31
Let c be ((-2)/10 - -1)/((468/(-1350))/(-26)). What is the highest common factor of c and 7680?
60
Let r = 435 - 424. Suppose 2*u - b = 23, -2 = 4*b + 2. Let m = u + -10. What is the highest common factor of m and r?
1
Suppose 2257 = 5*q - y + 626, 0 = -q + 5*y + 355. Calculate the greatest common divisor of 793 and q.
13
Suppose 5211 = 18*b - 71829. Calculate the greatest common divisor of b and 321.
107
Let i = -379 + 439. Let j(x) = x + 6. Let g be j(2). Calculate the highest common factor of g and i.
4
Let j(q) = 3*q**2 + 147*q - 65. Let w(n) = -2*n**2 - 74*n + 33. Let y(x) = -6*j(x) - 11*w(x). Let v be y(18). Calculate the greatest common factor of 33 and v.
33
Let l = -2531 - -2553. What is the greatest common divisor of l and 1232?
22
Suppose 40 = 120*z - 116*z. Suppose -z*w = 2*w - 768. Calculate the highest common factor of 24 and w.
8
Suppose 17*n - 64470 = -20457 + 9690. What is the greatest common divisor of 3 and n?
3
Let p be (((-6336)/20)/8)/((-69)/1610). What is the greatest common factor of p and 1518?
66
Let m(x) = 2*x**3 + 15*x**2 - x + 9*x**2 - 28*x**2 - 3 + 11*x**2. Let l be m(2). What is the greatest common factor of 156 and l?
39
Let d be (-24)/7*(-1 + 8). Let h = -24 - d. Suppose 8*i - 6*i - 16 = h. Calculate the highest common divisor of 20 and i.
4
Let o = -96 + 114. Suppose -o*t = -482 - 868. Calculate the greatest common factor of t and 25.
25
Suppose -784 = 2*l - 770, -3*r = 3*l - 285. Calculate the greatest common divisor of 54 and r.
6
Let s be (-5 + (-207)/(-36))/(4/288). What is the highest common factor of s and 138?
6
Let g = 157 + -89. Suppose g*l - 72*l + 448 = 0. Calculate the greatest common divisor of 70 and l.
14
Let r(m) = m**2 - 38*m - 921. Let d be r(-17). Suppose -3*b + 172 = -l + 6*l, l - 152 = -3*b. Calculate the greatest common factor of d and b.
7
Let h = 207021 - 207020. Let f(j) = j**3 + 2*j**2 - 4*j + 1. Let m(d) = -d - 3. Let w be m(0). Let c be f(w). Calculate the highest common factor of h and c.
1
Let p be (3 + 79)/(-2)*(37 + -38). What is the greatest common factor of p and 3239?
41
Let j = -207 + 255. Suppose j*l = 49*l - 5. What is the highest common divisor of 7 and l?
1
Suppose 9*k - 20 = 5*k. Let o(y) = -5*y - 3*y**3 - 3*y**2 - 1 + 6*y**3 - 2*y**3 + 0*y**2. Let i be o(k). Calculate the greatest common divisor of i and 192.
24
Suppose 4*x - 2*k = 228, 4*x - 236 = -903*k + 907*k. What is the highest common factor of 15565 and x?
55
Suppose -5*m = 13*m - 180. What is the greatest common divisor of m and 310?
10
Suppose -5*r - 5*v = -340, 5*r - 2*v = -r + 440. Let b be ((-2)/3)/(2/(-3)). Let h be (-50)/(-4) - b/2. What is the greatest common factor of h and r?
12
Let v = 2818 + -2186. What is the greatest common factor of 8 and v?
8
Let b(a) = 3*a**3 + 11*a**2 - 50*a + 14. Let j be b(7). What is the greatest common factor of 2816 and j?
176
Suppose 0 = 16*k - 1611 - 6661. What is the greatest common divisor of k and 1331?
11
Let b = 168 + -111. Let v = -101235 - -101330. Calculate the greatest common factor of v and b.
19
Suppose -9135 + 27755 = 76*v. Calculate the highest common factor of v and 30.
5
Suppose -28*o + 32 = -12*o. Suppose -o*i + 22 = 5*z + 6, 0 = 4*i + 5*z - 32. What is the greatest common factor of 6 and i?
2
Let d = 683 - 678. Suppose d*z - 5*p = 200, -17*p + 22*p + 80 = 2*z. What is the greatest common factor of z and 216?
8
Let n(v) = -v + 12. Let q be -15 - -10 - (-2 + 1). Let h be n(q). What is the highest common divisor of h and 80?
16
Suppose -10*k + 1835 = 4*g - 15*k, 921 = 2*g + k. What is the greatest common factor of 92 and g?
92
Suppose 3*c + 4*i = 2*c - 15, 2*i + 60 = -4*c. Let f = c + 61. Calculate the greatest common divisor of 414 and f.
46
Let o = -181 - 50. Let j be ((o/7)/(-3))/1. What is the greatest common divisor of j and 11?
11
Let c be -5 - (-1)/1 - (14 + 91). Let i = c + 193. Calculate the highest common factor of 56 and i.
28
Suppose -5*h + 4*o = -3, 3*h - 5*o + 21 = 5*h. Suppose 0 = -q + 3*r - 7*r, -h*q + 10 = 2*r. Calculate the highest common factor of q and 68.
4
Suppose -27 - 207 = 39*z. Let u(v) = -5*v - v + 2*v. Let y be u(z). Calculate the greatest common divisor of 192 and y.
24
Let d(c) = c**3 + 16*c**2 - 12*c - 129. Let s be d(-16). Calculate the highest common factor of s and 261.
9
Suppose 7646 = -9*a + 8024. Let t be ((-63)/(-6))/((-2)/(-36)). Calculate the highest common divisor of t and a.
21
Suppose -4*o = -3*v + 1505, 2*v - o + 1994 = 6*v. Calculate the greatest common divisor of 1 and v.
1
Suppose p - 804 = -2*n + 3*p, 5*n - 2031 = -2*p. Let d(l) = -l + 37. Let s be d(-6). Suppose -3*q + 92 = -s. Calculate the greatest common divisor of q and n.
45
Let l(b) = 23*b - 444. Let w be l(24). Let i = -253 + 433. Calculate the greatest common divisor of w and i.
36
Let s(g) = 228*g + 1704. Let p be s(7). Calculate the highest common divisor of 55 and p.
55
Suppose t = -811 + 239. Let q be t/(-39) + (-1)/(-3) + -4. What is the greatest common factor of 3 and q?
1
Suppose y - 2181 = 5*z, -y = -0*y - z - 2177. What is the greatest common divisor of 384 and y?
128
Suppose 3*h = -4*m + 1018, h = -217 + 219. Calculate the highest common divisor of 368 and m.
23
Let r = 671 - 1155. Let o = r - -491. What is the highest common divisor of 9 and o?
1
Let l be (-2 - 1)/(1/(-25)). Suppose -27*g = -24*g - l. What is the greatest common divisor of 1 and g?
1
Suppose -4*h + 368 = -4*x, -2*h = 5*x - 4*x - 196. Suppose 3*t = -2*b + h + 5, -b + 5*t = -31. What is the highest common factor of 966 and b?
46
Let h(y) = -4*y + 17. Let a be h(5). Let j = 13 - a. Let c be (8/(-4) + 3)/(22/5984). Calculate the highest common divisor of c and j.
16
Let a be (-229533)/(-27) + -4 + 38/(-171) - -3. Calculate the greatest common factor of 17 and a.
17
Suppose -5*p + 0 = -5. Let l(k) = 74*k**2 + k - 1. Let f be l(p). Let w = f - 56. What is the greatest common factor of 27 and w?
9
Let u(v) = v**3 + v**2 - v + 1. Let c be u(-2). Let s be (1 - c)/(40/160). Calculate the highest common factor of 120 and s.
8
Suppose 34*i - 27*i + 1267 = 0. Let f = i - -193. Calculate the highest common factor of f and 16.
4
Let k(x) = 129*x + 1503. Let o be k(-5). What is the greatest common divisor of o and 78?
78
Let h = 35820 - 34959. What is the highest common factor of h and 205?
41
Suppose -83 = -n - 20. Suppose 0 = -5*z - 3*s + 3, -s = z - 2*z - 1. Let d = n - z. Calculate the highest common factor of 42 and d.
21
Suppose -108*x + 20*x + 3432 = 0. What is the highest common divisor of 1209 and x?
39
Suppose 0 = 6*s - 1384 - 3128. Calculate the highest common factor of s and 1786.
94
Let a(u) = -68*u - 5. Let h be a(-6). Suppose -1624 = -135*b + 131. What is the greatest common factor of h and b?
13
Let k(v) = -v**3 - 25*v**2 - 27*v - 60. Let f(q) = q**3 - 5*q**2 - 12*q + 12. Let t be f(6). Let y be k(t). What is the highest common factor of y and 60?
12
Suppose -289 = -r + 5*s, 2*s + 20 = 4*r - 1208. Suppose -308*h + r*h = 275. Calculate the greatest common factor of h and 11.
11
Suppose -z + 157 = -53. Let j(g) = -13 - 14*g - g + 10. Let x be j(-3). What is the greatest common factor of x and z?
42
Let q be ((-980)/2)/(66/(-132)). Calculate the highest common factor of q and 40.
20
Let r(h) = -h**2 + 12*h - 29. Let s be r(8). Let w(l) = 42*l**2 - 11*l + 7. Let q be w(s). Calculate the greatest common factor of q and 11.
11
Suppose 0 = -3*p - 2 + 17. Let v(c) = -12*c - 4 + 18*c + 10 + 21 + 16*c. Let z be v(-1). What is the highest common factor of p and z?
5
Let o = 404 - -157. Let h = o - 485. Calculate the greatest common divisor of h and 57.
19
Suppose -4 = -7*k + 3*k - w, 2 = 2*k + 2*w. Suppose -2*x = -13 + 1. Suppose p = -p + x. What is the greatest common factor of p and k?
1
Let z(g) = g + 35. Let n be z(0). Suppose -11 = j - 13. Suppose 0 = j*w - 185 - 165. Calculate the greatest common factor of n and w.
35
Let t be (-2 - 0)*(-125)/10. Let x = -21 + t. Suppose -111 =